28940716 a multiple of 19?
False
Is 473754868 a multiple of 12?
False
Does 590 divide 141899130?
True
Is 8441763 a multiple of 9?
False
Does 38 divide 38569524?
False
Does 11 divide 76779256?
False
Does 5929 divide 942734605?
False
Is 107146761 a multiple of 159?
True
Is 1236 a factor of 32462000?
False
Is 50 a factor of 97414200?
True
Is 76368237 a multiple of 9?
False
Does 7035 divide 2717803410?
True
Does 72 divide 7032395?
False
Is 22 a factor of 1452674405?
False
Does 540 divide 28440180?
True
Does 89 divide 11163062?
False
Does 4334 divide 3827637110?
True
Is 372 a factor of 20668320?
True
Does 4 divide 2815990?
False
Does 10 divide 906126633?
False
Does 969 divide 1540216779?
True
Is 80851953 a multiple of 511?
True
Is 9057484 a multiple of 145?
False
Does 8 divide 3535832962?
False
Is 77293606 a multiple of 1135?
False
Is 754 a factor of 27395836?
True
Is 262 a factor of 24251048?
False
Does 2 divide 375953591?
False
Is 11473 a factor of 4115120092?
False
Does 14 divide 254927302?
True
Is 15 a factor of 310843185?
True
Is 922 a factor of 382230393?
False
Is 6 a factor of 2030730?
True
Does 10 divide 353792377?
False
Is 1042 a factor of 1757372596?
True
Is 52835094 a multiple of 26?
True
Is 260475462 a multiple of 102?
True
Does 453 divide 468223971?
True
Is 26 a factor of 3981390452?
True
Is 39 a factor of 2233140?
True
Is 177306616 a multiple of 302?
True
Is 36 a factor of 39945105?
False
Does 6 divide 1578152736?
True
Is 2062980 a multiple of 876?
True
Is 1388867536 a multiple of 14?
True
Is 481 a factor of 1856815844?
True
Is 58 a factor of 328463860?
True
Is 1524 a factor of 925651692?
True
Is 9470532 even?
True
Is 30 a factor of 100062230?
False
Does 10 divide 211180710?
True
Is 623410390 a multiple of 310?
False
Is 785984339 a multiple of 1862?
False
Does 14 divide 78453936?
False
Is 1123839090 a multiple of 2115?
True
Is 13390356 a multiple of 357?
True
Is 91816464 a multiple of 138?
False
Is 44 a factor of 266320173?
False
Is 30897500 a multiple of 125?
True
Is 3343536839 a multiple of 17?
False
Is 4861946622 a multiple of 302?
True
Is 749 a factor of 64445251?
False
Is 18335309 a multiple of 269?
True
Is 14856053 a multiple of 11?
False
Is 320797008 a multiple of 28?
True
Is 19716794 a multiple of 19?
True
Does 3469 divide 59913477?
False
Is 803458400 a multiple of 22?
False
Does 1102 divide 690173641?
False
Is 2778 a factor of 3206467608?
True
Is 99 a factor of 785133855?
True
Is 1985 a factor of 500990518?
False
Does 12 divide 198075403?
False
Does 45 divide 463815?
True
Is 182287640 a multiple of 7?
False
Is 678 a factor of 292314678?
False
Does 1155 divide 83297445?
True
Is 1917914976 a multiple of 204?
True
Is 1917260343 a multiple of 7?
False
Is 51 a factor of 279611572?
False
Is 23 a factor of 217858407?
False
Is 5617 a factor of 250750263?
False
Does 2 divide 45214881?
False
Is 71999239 a multiple of 17?
False
Is 2746 a factor of 515380264?
True
Is 16 a factor of 1639343852?
False
Does 1020 divide 18296760?
True
Does 93 divide 527142655?
False
Is 24 a factor of 28981104?
True
Is 9756180 a multiple of 60?
True
Is 8 a factor of 11831347?
False
Is 532957740 a multiple of 70?
True
Is 2403 a factor of 86978714?
False
Is 37861757 a multiple of 31?
True
Is 2152 a factor of 217870599?
False
Is 424 a factor of 845297424?
True
Is 25 a factor of 60247662?
False
Is 3695 a factor of 86148925?
True
Is 7 a factor of 18039647?
False
Does 1127 divide 55537773?
False
Is 395869179 a multiple of 111?
True
Is 4393953825 a multiple of 7941?
True
Does 695 divide 3018938220?
True
Is 156 a factor of 471742752?
True
Does 28 divide 631836856?
True
Does 475 divide 937158051?
False
Is 2559592 a multiple of 41?
False
Is 90268200 a multiple of 141?
True
Is 9953509 a multiple of 2?
False
Is 13557474 a multiple of 18?
True
Does 8 divide 72948036?
False
Is 455 a factor of 24622653?
False
Does 15 divide 16338896?
False
Is 2 a factor of 184715463?
False
Is 392 a factor of 163442048?
True
Is 30903518 a multiple of 198?
False
Does 240 divide 111403281?
False
Is 239 a factor of 1776643545?
True
Is 56 a factor of 9249693?
False
Is 100888709 a multiple of 149?
False
Is 30502959 a multiple of 66?
False
Is 213 a factor of 211419331?
False
Does 8 divide 473988070?
False
Is 937 a factor of 35645346?
False
Does 617 divide 685246370?
True
Is 159 a factor of 140337852?
True
Is 111152771 a multiple of 10?
False
Does 114 divide 721499958?
True
Does 182 divide 18473935?
False
Does 14 divide 13164081?
False
Does 28 divide 733816860?
True
Is 26970155 a multiple of 531?
False
Is 13961920 a multiple of 560?
True
Does 18 divide 96996978?
True
Is 9 a factor of 37155832?
False
Does 391 divide 3238037474?
False
Is 51 a factor of 584756046?
False
Is 221 a factor of 811035303?
True
Is 4 a factor of 59597545?
False
Is 66650268 a multiple of 17?
True
Does 45 divide 1377911502?
False
Does 486 divide 2558790?
True
Is 40696380 a multiple of 81?
False
Is 14 a factor of 264649971?
False
Is 127 a factor of 57384114?
False
Is 10 a factor of 34058299?
False
Is 1067859752 a multiple of 798?
False
Is 583704016 a multiple of 172?
True
Is 318775941 a multiple of 11?
True
Does 22 divide 1266365320?
True
Does 21 divide 159041631?
True
Is 9 a factor of 11052698?
False
Is 1904 a factor of 46206043?
False
Does 24 divide 1211590532?
False
Is 1486970876 a multiple of 437?
False
Is 11 a factor of 145052888?
False
Is 5027 a factor of 1179859478?
False
Does 1626 divide 113748456?
True
Does 124 divide 11215345?
False
Is 951 a factor of 625313883?
True
Does 914 divide 151065006?
True
Does 456 divide 792934892?
False
Is 5 a factor of 251635?
True
Is 85325153 a multiple of 1244?
False
Is 653 a factor of 700729177?
False
Is 2 a factor of 3208657?
False
Is 10 a factor of 711385765?
False
Does 70 divide 14791773?
False
Is 17 a factor of 493271364?
False
Does 549 divide 100996236?
True
Is 59545982 a multiple of 2946?
False
Does 37 divide 108214936?
True
Does 36 divide 2858124?
False
Does 10 divide 227200614?
False
Is 51138397 a multiple of 14?
False
Does 29 divide 1107191?
True
Does 4676 divide 111185928?
True
Is 260866393 a multiple of 889?
False
Is 7465 a factor of 533284670?
True
Does 84 divide 59436787?
False
Does 396 divide 199673004?
False
Is 1526 a factor of 530030639?
False
Does 37 divide 760956948?
True
Does 657 divide 275878444?
False
Is 1287571661 a multiple of 693?
False
Is 88 a factor of 537575679?
False
Does 46 divide 456511728?
True
Is 4113458572 a multiple of 5492?
True
Is 49236903 a multiple of 27?
True
Is 128982816 a multiple of 2976?
True
Is 241 a factor of 3476069043?
True
Does 789 divide 407292846?
True
Is 273 a factor of 610834224?
True
Is 386 a factor of 1962968408?
False
Is 567 a factor of 100248668?
False
Is 29 a factor of 3515033479?
True
Is 6012547554 a multiple of 2262?
True
Is 113504028 a multiple of 146?
False
Is 27190095 a multiple of 84?
False
Is 11 a factor of 35041320?
False
Is 39 a factor of 105471405?
True
Is 19 a factor of 554948191?
False
Does 14 divide 665384636?
True
Is 384366 a multiple of 11?
False
Is 6336183 a multiple of 128?
False
Is 668 a factor of 19380866?
False
Is 2225 a factor of 3076783740?
False
Is 699 a factor of 52104807?
False
Does 781 divide 651908180?
False
Is 78773198 a multiple of 124?
False
Does 60 divide 432060410?
False
Does 675 divide 3226349475?
True
Is 14 a factor of 736923899?
False
Is 17525475 a multiple of 73?
True
Does 192 divide 155029440?
True
Does 62 divide 19053220?
True
Is 57732252 a multiple of 948?
True
Is 2123552739 a multiple of 483?
False
Does 329 divide 45652369?
True
Is 8 a factor of 5359070?
False
Does 59 divide 422231764?
False
Does 996 divide 25972692?
True
Is 5 a factor of 50586817?
False
Is 58 a factor of 19070435?
False
Is 710528115 a multiple of 1981?
False
Does 32 divide 131318432?
True
Is 264358170 a multiple of 1413?
True
Is 33965 a multiple of 345?
False
Is 31608100 a multiple of 36?
False
Is 286 a factor of 30986361?
False
Is 368 a factor of 48710539?
False
Is 498202489 a multiple of 3828?
False
Is 2082362946 a multiple of 411?
False
Is 47979726 a multiple of 279?
False
Is 13 a factor of 192517069?
False
Does 749 divide 106383379?
False
Is 349940356 a multiple of 2854?
True
Does 21 divide 1273277607?
True
Is 25 a 